{"id":114,"date":"2018-02-13T12:59:38","date_gmt":"2018-02-13T12:59:38","guid":{"rendered":"http:\/\/koepenickerbruecken.de\/?page_id=114"},"modified":"2022-03-01T11:05:58","modified_gmt":"2022-03-01T10:05:58","slug":"patenschaft","status":"publish","type":"page","link":"https:\/\/koepenickerbruecken.de\/?page_id=114","title":{"rendered":"Patenschaft"},"content":{"rendered":"<p><strong>\u00dcbernehmen\u00a0Sie die Patenschaft f\u00fcr eine Keramikplatte!<\/strong><\/p>\n<p>\u00dcberweisen Sie Ihren Spendenbetrag auf unser Konto\u00a0<strong>IBAN: DE48430609671137598300\u00a0<\/strong>bei der<\/p>\n<p>Gemeinschaftsbank Leihen und Schenken (<strong>GLS-Bank<\/strong>) eG<\/p>\n<p>Vermerken Sie Vor- und Nachname des Spendenden. Dieser wird auf Wunsch auf dem <strong>Patenschaftsbrief\u00a0<\/strong>vermerkt. So k\u00f6nnen Sie z.B. im Falle eines Geschenks den Namen der\/des von Ihnen Beg\u00fcnstigten benennen.<\/p>\n<p>Es ist auch m\u00f6glich, ein Vielfaches von 25 Euro zu spenden.<\/p>\n<p>Teilen Sie uns dazu Ihrer\u00a0Anschrift mit. Gern lassen wir Ihnen Patenschaftsbrief(e) sowie eine\u00a0Spendenbescheinigung zukommen. Geben\u00a0Sie uns bitte ggf. auch einen Hinweis, falls Sie auf der Homepage namentlich genannt werden wollen.<\/p>\n<p>Genauso gern vermerken wir auf Wunsch, dass Sie die Schule besucht haben (z.B. Abiturjahrgang 1976) oder hier Lehrkraft waren (z.B. von 1988 bis 2021).<\/p>\n<p>Vielleicht haben Sie ja auch ein ganz pers\u00f6nliches Anliegen. Schreiben Sie uns, damit wir uns dar\u00fcber verst\u00e4ndigen k\u00f6nnen!<\/p>\n<p>Unser Verein ist beim Finanzamt f\u00fcr K\u00f6rperschaften I unter der Steuernummer 27\/670\/62615 registriert. Der Verein hat Restaurierung der Keramikfassade der Alexander-von-Humboldt-Schule als Satzungsziel. Mit Bescheid vom 12.03.2020 wurde uns f\u00fcr die F\u00f6rderung des Denkmalschutzes und der Denkmalpflege der steuerbeg\u00fcnstigte Zweck festgestellt.<\/p>\n","protected":false},"excerpt":{"rendered":"<p>\u00dcbernehmen\u00a0Sie die Patenschaft f\u00fcr eine Keramikplatte! \u00dcberweisen Sie Ihren Spendenbetrag auf unser Konto\u00a0IBAN: DE48430609671137598300\u00a0bei der Gemeinschaftsbank Leihen und Schenken (GLS-Bank) eG Vermerken Sie Vor- und Nachname des Spendenden. Dieser wird auf Wunsch auf dem Patenschaftsbrief\u00a0vermerkt. So k\u00f6nnen Sie z.B. im Falle eines Geschenks den Namen der\/des von Ihnen Beg\u00fcnstigten benennen. Es ist auch m\u00f6glich, ein &hellip; <a href=\"https:\/\/koepenickerbruecken.de\/?page_id=114\" class=\"more-link\"><span class=\"screen-reader-text\">Patenschaft<\/span> weiterlesen<\/a><\/p>\n","protected":false},"author":1,"featured_media":9,"parent":0,"menu_order":0,"comment_status":"closed","ping_status":"closed","template":"","meta":{"jetpack_post_was_ever_published":false,"footnotes":""},"class_list":["post-114","page","type-page","status-publish","has-post-thumbnail","hentry"],"jetpack_sharing_enabled":false,"jetpack_shortlink":"https:\/\/wp.me\/P7r36x-1Q","_links":{"self":[{"href":"https:\/\/koepenickerbruecken.de\/index.php?rest_route=\/wp\/v2\/pages\/114"}],"collection":[{"href":"https:\/\/koepenickerbruecken.de\/index.php?rest_route=\/wp\/v2\/pages"}],"about":[{"href":"https:\/\/koepenickerbruecken.de\/index.php?rest_route=\/wp\/v2\/types\/page"}],"author":[{"embeddable":true,"href":"https:\/\/koepenickerbruecken.de\/index.php?rest_route=\/wp\/v2\/users\/1"}],"replies":[{"embeddable":true,"href":"https:\/\/koepenickerbruecken.de\/index.php?rest_route=%2Fwp%2Fv2%2Fcomments&post=114"}],"version-history":[{"count":7,"href":"https:\/\/koepenickerbruecken.de\/index.php?rest_route=\/wp\/v2\/pages\/114\/revisions"}],"predecessor-version":[{"id":264,"href":"https:\/\/koepenickerbruecken.de\/index.php?rest_route=\/wp\/v2\/pages\/114\/revisions\/264"}],"wp:featuredmedia":[{"embeddable":true,"href":"https:\/\/koepenickerbruecken.de\/index.php?rest_route=\/wp\/v2\/media\/9"}],"wp:attachment":[{"href":"https:\/\/koepenickerbruecken.de\/index.php?rest_route=%2Fwp%2Fv2%2Fmedia&parent=114"}],"curies":[{"name":"wp","href":"https:\/\/api.w.org\/{rel}","templated":true}]}}